00
Let c(v) = 396642*v + 4759690. Give c(-12).
-14
Let f(m) = -2717*m + 24453. What is f(9)?
0
Let n(v) = -1373*v - 26570. Give n(-19).
-483
Let b(a) = 221*a + 30464. What is b(-138)?
-34
Let j(t) = -5159*t + 376475. What is j(73)?
-132
Let s(j) = j**2 + 6039*j - 78658. Give s(13).
18
Let s(n) = -2*n**3 + 283*n**2 + 714*n + 250. What is s(144)?
-614
Let r(t) = t**3 - 30*t**2 + 272*t - 102. Determine r(14).
570
Let g(p) = -2412*p**2 + 248438*p - 203. Determine g(103).
3
Let b(p) = 31*p**2 - 2235*p - 14594. What is b(-6)?
-68
Let k(o) = 3472935*o + 10418772. What is k(-3)?
-33
Let z(x) = -x**2 - 2630*x - 57346. Calculate z(-22).
30
Let a(i) = -15*i**2 - 194*i - 328. What is a(-13)?
-341
Let v(i) = -1001*i + 13021. What is v(13)?
8
Let j(p) = 2*p**3 + 62*p**2 + 410*p + 298. Determine j(-15).
1348
Let f(w) = -w**3 + 97*w**2 + 16519*w - 1621905. Determine f(100).
-5
Let g(j) = -647*j + 15515. Calculate g(24).
-13
Let i(f) = 6*f - 719. Determine i(19).
-605
Let n(v) = 73*v**2 + 1314*v + 7887. Determine n(-6).
2631
Let m(u) = 2*u**2 - 408104*u - 14694331. Calculate m(-36).
5
Let n(s) = 102*s**2 - 2737*s - 422. Calculate n(27).
37
Let s(v) = 8601*v + 215018. What is s(-25)?
-7
Let o(r) = -r**2 + 43*r - 11. Give o(30).
379
Let l(f) = f**3 + 44*f**2 - 989*f + 63. Give l(16).
-401
Let v(p) = -12464*p + 610895. Give v(49).
159
Let x(r) = -7*r**3 - 1113*r**2 - 5459*r - 10631. What is x(-154)?
-5
Let f(d) = -1168*d**2 + 6969*d + 139. Give f(6).
-95
Let a(s) = 3776*s + 139569. Determine a(-37).
-143
Let r(d) = 14*d**3 - 8*d**2 - 7*d + 35. Determine r(4).
775
Let h(x) = 15*x**3 - 5*x**2 + 24*x + 79. Calculate h(-3).
-443
Let x(i) = -7*i**3 + i**2 - 28*i - 18. What is x(-7)?
2628
Let v(d) = -1739*d - 33041. Determine v(-19).
0
Let s(l) = 3*l**3 + 34*l**2 + 2*l - 67. Calculate s(-11).
32
Let z(o) = -28*o + 4082. Determine z(105).
1142
Let b(k) = 1473*k + 53004. Calculate b(-36).
-24
Let v(x) = -x**3 + x**2 - 87*x + 891. Determine v(7).
-12
Let f(l) = -l**2 + 5896*l + 47010. Give f(-8).
-222
Let h(z) = -z**3 - 63*z**2 - 295*z - 10553. Give h(-61).
0
Let h(f) = 1202*f + 10222. Calculate h(-9).
-596
Let j(o) = -1108*o**2 - 977256*o + 1. What is j(-882)?
1
Let w(v) = 41*v**2 - 553*v - 2233. Give w(-4).
635
Let x(i) = 805*i**2 + 3225*i + 17. Give x(-4).
-3
Let b(f) = -267*f**2 + 1096*f - 58. Give b(4).
54
Let d(g) = 601*g - 2864. Determine d(-8).
-7672
Let f(l) = l**3 - 546*l**2 + 1717*l - 253. Calculate f(3).
11
Let o(u) = 68*u**2 + 224*u + 610. What is o(-6)?
1714
Let i(j) = 56*j**2 - 650*j + 484. Give i(11).
110
Let f(s) = 1920*s - 835276. What is f(435)?
-76
Let c(z) = -3083*z - 169686. Determine c(-55).
-121
Let n(z) = 29*z**3 + 3*z**2 - 26*z + 41. Calculate n(2).
233
Let s(c) = -752*c + 8806. Determine s(8).
2790
Let o(c) = -c**2 + 176*c - 6210. Determine o(136).
-770
Let b(g) = -g**3 + 10*g**2 + 294*g - 2933. Determine b(10).
7
Let d(t) = -27493*t + 742306. Determine d(27).
-5
Let g(x) = -126*x**2 + 13033*x + 7346. What is g(104)?
-38
Let y(s) = 4*s**3 + 2642*s**2 - 1312*s + 6609. What is y(-661)?
-1
Let j(s) = -141*s + 2315. What is j(18)?
-223
Let t(d) = -d**3 - 24*d**2 + 99*d + 416. Calculate t(-24).
-1960
Let v(a) = 45*a**2 + 9264*a - 58481. Determine v(-212).
31
Let o(z) = -723*z**2 + 589975*z - 5709. What is o(816)?
3
Let l(g) = 252*g + 14957. Determine l(-59).
89
Let q(w) = -8*w**3 + 292*w**2 + 1476*w + 4. What is q(41)?
4
Let x(j) = -144*j + 10449. Give x(72).
81
Let h(l) = 1170*l - 4674. Give h(4).
6
Let o(q) = 22*q**2 - 687*q - 4880. Calculate o(-7).
1007
Let a(t) = t**3 + 17*t**2 - 101*t - 4656. Calculate a(14).
6
Let i(c) = 1877*c - 22488. Give i(12).
36
Let d(p) = -3*p**3 - 3483*p**2 + 49371*p - 299. Calculate d(14).
-5
Let x(n) = n**2 + 5700*n + 1200327. What is x(-219)?
-12
Let r(u) = 4*u**3 + 176*u**2 + 15*u + 644. Calculate r(-44).
-16
Let k(h) = 19*h**3 + 779*h**2 - 5*h - 183. Determine k(-41).
22
Let f(z) = -359*z**2 - 1070*z + 24. Calculate f(-3).
3
Let g(k) = 153743*k - 614977. Give g(4).
-5
Let d(g) = 6*g**2 - 148680*g - 1041071. Determine d(-7).
-17
Let n(t) = 2*t**3 + 12*t**2 - 55*t + 19. Determine n(-12).
-1049
Let h(l) = 8*l**2 - 274*l - 550. Give h(-2).
30
Let d(o) = -175*o + 2809. Calculate d(18).
-341
Let h(s) = -814*s - 20359. Give h(-25).
-9
Let j(i) = 16*i**2 - 94*i - 654. Determine j(-5).
216
Let m(s) = 455*s - 8276. Give m(17).
-541
Let u(w) = 3*w**3 - 76*w**2 + 351*w + 1713. Calculate u(15).
3
Let a(c) = 160*c + 22940. Calculate a(-148).
-740
Let u(a) = a**3 + 127*a**2 - 6*a - 61260. What is u(-123)?
-6
Let n(f) = -2*f**3 - 33*f**2 - 81*f - 184. Determine n(-13).
-314
Let q(g) = -5*g**2 + 358*g + 14589. Determine q(-29).
2
Let b(q) = 2342*q + 44536. Give b(-19).
38
Let g(u) = 57923*u - 1448078. What is g(25)?
-3
Let w(u) = -5*u**3 + 17*u**2 + 14172*u - 42540. Calculate w(3).
-6
Let z(t) = t**3 - 7*t**2 - 1874*t + 99. Determine z(-40).
-141
Let t(k) = -686*k + 17149. Give t(25).
-1
Let d(h) = 278*h + 9748. What is d(-34)?
296
Let b(m) = -m**3 + 78*m**2 + 585*m + 157. Give b(85).
-693
Let u(g) = -2*g**3 - 12*g**2 - 7*g - 145. Calculate u(-6).
-103
Let h(j) = j**3 - 137*j**2 + 3371*j - 9021. What is h(106)?
-11
Let m(o) = -2*o**3 + 653*o**2 + 5703*o - 2677. Calculate m(335).
3
Let y(r) = 2701*r**2 - 19037*r + 905. Determine y(7).
-5
Let k(s) = 25*s**3 + 1923*s**2 - 184*s - 2309. Determine k(-77).
1
Let t(g) = -g**2 + 148*g - 2299. What is t(16)?
-187
Let v(j) = 390*j - 19477. What is v(47)?
-1147
Let f(q) = 5*q**2 + 316*q - 723. Determine f(-62).
-1095
Let g(f) = f**3 + 486*f**2 - 47*f + 214299. Calculate g(-487).
19
Let c(t) = -2102*t**2 + 81848*t + 5074. Give c(39).
4
Let a(n) = 723953*n + 2895821. Determine a(-4).
9
Let i(c) = -c**3 + 2*c**2 - 120*c - 2346. What is i(-10)?
54
Let t(l) = -l**2 - 2395*l + 45827. Determine t(19).
-39
Let n(j) = -4*j**3 - 1007*j**2 - 6619*j - 985. Give n(-245).
-5
Let x(w) = -3*w**2 - 38*w + 15565. Determine x(66).
-11
Let n(a) = 77*a + 207. Calculate n(2).
361
Let b(c) = -5*c**2 + 24005*c + 24004. Determine b(-1).
-6
Let n(z) = -z**3 - 10*z**2 + 60*z + 412. Calculate n(-12).
-20
Let f(z) = -2*z**3 + 47*z**2 - 48*z + 1743. Calculate f(24).
15
Let u(f) = 15156*f + 15346. Calculate u(-1).
190
Let a(t) = -3159*t - 63185. Give a(-20).
-5
Let b(y) = -y**3 + 16*y**2 - 246*y + 2588. Give b(12).
212
Let i(r) = -2*r**2 + 120*r + 4110. Calculate i(85).
-140
Let p(q) = -q**3 + 27*q**2 - 119*q + 175. Calculate p(3).
34
Let s(k) = k**2 - 210*k + 2902. Calculate s(15).
-23
Let q(h) = -15251*h - 15265. Calculate q(-1).
-14
Let q(s) = -s**3 - 600*s**2 - 11598*s + 1163. Determine q(-580).
3
Let n(z) = 205*z**3 + 14*z**2 - 3*z - 13. What is n(1)?
203
Let h(y) = -124*y**2 - 107544*y - 31216. Calculate h(-867).
-4
Let r(f) = 25829*f - 103317. What is r(4)?
-1
Let z(w) = -3*w**2 - 143*w + 29468. Give z(78).
62
Let k(r) = -10*r**2 + 1081*r - 4262. Determine k(104).
2
Let a(q) = -q**3 + 29*q**2 + 252*q + 3310. Determine a(39).
-2072
Let b(k) = -31475*k - 440636. Calculate b(-14).
14
Let a(c) = 35556*c + 142297. Calculate a(-4).
73
Let h(l) = 444*l - 2096. What is h(-4)?
-3872
Let b(a) = 165*a**3 + 3*a**2 - 15*a - 20. Calculate b(-1).
-167
Let j(d) = 5*d**3 - 17*d**2 + 89*d - 442. Calculate j(6).
560
Let i(f) = 2455*f + 4431. Calculate i(-2).
-479
Let z(d) = d**3 + 75*d**2 + 159*d - 4055. Determine z(-72).
49
Let g(a) = -11*a**2 - 2503*a - 70650. Determine g(-33).
-30
Let k(w) = -6*w**2 - 2045*w - 1703. What is k(-340)?
-3
Let c(w) = w**2 + 1006*w + 7964. What is c(-8)?
-20
Let t(m) = 53*m**3 - m**2 + 9*m - 20. What is t(2)?
418
Let l(k) = 13994*k - 3022699. Calculate l(216).
5
Let i(s) = -10068*s - 41942. Calculate i(-4).
-1670
Let q(s) = -3*s**3 + 435*s**2 + 82*s - 11852. Give q(145).
38
Let g(x) = -x**3 + 79*x**2 - 14*x - 10096. Calculate g(77).
684
Let g(a) = -2*a**2 + 3503*a - 225700. Calculate g(67).
23
Let m(l) = 380*l - 1172. Calculate m(3).
-32
Let z(t) = t**3 + 75*t**2 + 199*t - 169. Calculate z(-72).
1055
Let z(u) = 32*u**2 - 1403*u - 80. What is z(44)?
140
Let q(j) = 11462*j + 91502. What is q(-8)?
-194
Let h(w) = -w**3 - 2*w**2 - 622*w - 621. What is h(-1)?
0
Let z(u) = 1792*u - 1453320. Determine z(811).
-8
Let l(o) = 850*o + 63741. Calculate l(-75).
-9
Let o(a) = -2897*a - 8031. What is o(-3)?
660
L